929*h = -30939*h + 17210. List the prime factors of h.
1721
List the prime factors of 23/((-437)/7676)*78/(-8).
3, 13, 101
Let l be 9/(27/(-30))*(-6)/12. Suppose -l*p + a + 2404 = 0, -2*p + 7*p = 4*a + 2416. Let u = -328 + p. What are the prime factors of u?
2, 19
Let s(h) = h**3 + 3*h**2 + h - 1. Let z be s(-3). Let x be ((-19)/1)/(z/8). Suppose 4*f + 5*n = 353, 4*f - 324 = -2*n + x. What are the prime factors of f?
2, 23
Let q(w) = 3316*w + 181. List the prime factors of q(2).
3, 757
Let p(u) = -4*u**2 - 493*u + 53. List the prime factors of p(-23).
2, 3, 773
Let j = -39 + 52. Suppose 7*g = j*g. Suppose 2*v = 3*c - g*v - 8, 43 = 3*c + 5*v. List the prime factors of c.
2, 3
Let q(i) = 686*i**2 + 4*i - 6. Let l be q(-7). What are the prime factors of (8 - l/(-50))*10/4?
1699
Suppose 9*c - c - 88 = 0. Let q = c - -42. Let v = -4 + q. List the prime factors of v.
7
Let y(b) = 1529*b**2 - 1. Let q be y(-1). Suppose 0 = -5*i - 5*k + 1510, -2*i + 7*i = k + q. What are the prime factors of i?
5, 61
What are the prime factors of (-4418 - -2)*(-41)/82?
2, 3, 23
Let o = 3107 + -2015. Suppose 0 = -6*x + 4*x + o. List the prime factors of x.
2, 3, 7, 13
Suppose -7*p + 11*p - 15443 = -5*u, -4*u = -3*p - 12342. Let i = 4534 - u. What are the prime factors of i?
1447
Let t(v) = -v**3 + 17*v**2 + 12*v + 714. List the prime factors of t(-19).
2, 3, 7, 107
What are the prime factors of (11 - 7)*1142410/92?
2, 5, 4967
Suppose 5*w = d - 3*d + 28, -2*w + 2*d = 0. Let m be (-96)/w*5/5. Let v = m - -73. What are the prime factors of v?
7
Suppose 2*w - 7*s = 13716 + 5954, 39372 = 4*w + 2*s. What are the prime factors of w?
2, 7, 19, 37
Let a be ((-154)/35)/(12/(-30)). Suppose 2478 = a*h - 5*h. What are the prime factors of h?
7, 59
Let h(y) = 2*y**2 - 24*y + 16. Let c be h(11). Let q be (-22 + 54)/((-4)/c). Suppose 3*a - q = -7*p + 4*p, 56 = 3*a - 5*p. What are the prime factors of a?
17
Suppose 0 = v - 2*j + 6 - 0, 4*j - 24 = 3*v. Let y(q) = q**3 + 15*q**2 + 16*q + 17. What are the prime factors of y(v)?
257
Suppose 40 = 4*a + 28. List the prime factors of (a/3*-2)/((-1)/33).
2, 3, 11
List the prime factors of (-36)/(-153) - 3769324/(-221).
2, 13, 41
Suppose -4*k + 12648 = -396*g + 392*g, 0 = k + 4*g - 3177. What are the prime factors of k?
3, 5, 211
Suppose -5*h = 25, -5*m + 9430 = -51*h + 47*h. List the prime factors of m.
2, 941
Let w(j) = 2*j**2 - 4*j - 9. Let y be w(4). Suppose -y*k + 3*k - 2*n = -4444, -5*k + 5552 = 4*n. List the prime factors of k.
2, 139
Let t = -3449 + 3963. What are the prime factors of t?
2, 257
Let v(l) = l**3 - 10*l**2 + 10*l - 5. Let x be v(9). Let h be 0 - (x/(-1))/(-4). What are the prime factors of (-37)/h - 2/(-1)?
3, 13
Suppose -3195219 = 261*v - 2386684 - 12639143. List the prime factors of v.
2, 2833
List the prime factors of (35/(-21))/(((-191211)/191214 + 1)*-5).
2, 3, 3541
Let t(v) = -v**3 - 89*v**2 - 12*v - 408. What are the prime factors of t(-95)?
2, 3, 3049
Suppose -166106 = 18*f - 964396 - 685576. List the prime factors of f.
3, 27479
Let c = -2205 + 2296. What are the prime factors of c?
7, 13
Let n(y) = -y**3 - 15*y**2 - 2*y + 2. Let x be 9/(10 + 44) - 91/6. What are the prime factors of n(x)?
2
List the prime factors of (8398/(-39))/((-1)/3).
2, 17, 19
Let z(s) = -13*s + 194. Let o be z(14). Let v(w) = 5*w**2 + 11*w - 142. What are the prime factors of v(o)?
2, 5, 71
Suppose -2*h = -2*z + 2, -3*z - 5*h + 26 - 7 = 0. Suppose z*i - 43*q + 46*q = 1005, 3*q = 5*i - 1683. List the prime factors of i.
2, 3, 7
Let c(j) = 2*j**2 + 6*j + 6. Let t be c(-3). Let p be (10/t)/(3/54). Let a = p + 40. What are the prime factors of a?
2, 5, 7
Suppose 3*o = -4*o - 861. Let h be (o/(-2))/(26/156). Suppose -h = -5*u + 501. List the prime factors of u.
2, 3, 29
Let g(s) = s**2 + 2*s + 2. Let w be g(-2). Let x(c) = 34*c + 175. Let t be x(-5). Suppose t = w*u - 119. What are the prime factors of u?
2, 31
Suppose 0 = -4*y + 2*j + 204488, -204*j + 208*j = -24. What are the prime factors of y?
17, 31, 97
Let v(r) = 56*r + 12. Let y = 116 - 106. What are the prime factors of v(y)?
2, 11, 13
Suppose -5*s + 9*s = -4*o - 1432, -2*s - 4*o - 718 = 0. Let k = s + 892. List the prime factors of k.
5, 107
Let j(l) = -2*l**3 - 44*l**2 - 39*l + 66. List the prime factors of j(-31).
3, 41, 151
Let h be (1 - 2)*(-6)/(18/15). Suppose 0 = 8*v - h*v - 1956. Let o = v + -419. List the prime factors of o.
233
Let t(v) = -5304*v + 365*v**2 + 5302*v - 5 + 1. List the prime factors of t(-1).
3, 11
Let v = 46449 - 14808. What are the prime factors of v?
3, 53, 199
Let u = -1044 + 34821. List the prime factors of u.
3, 139
Let m(c) = -2*c + 20. Let r be m(10). Suppose -3*z + 2*z + 11 = r. Suppose -36 = z*x - 17*x. What are the prime factors of x?
2, 3
Let y = -54 + 47. Let j be 14/49 - 1174/y. List the prime factors of (3/(-6))/((-2)/j).
2, 3, 7
Let u = 3704 + 7435. What are the prime factors of u?
3, 47, 79
Let t = 695 + 2305. Suppose -20*c + 5140 = -t. List the prime factors of c.
11, 37
Let k = 35 + -31. Suppose 2*p - k*g = -g + 540, g = 0. List the prime factors of p.
2, 3, 5
Suppose 4*v - 3*m - 6365 - 25956 = 0, -24262 = -3*v - 2*m. List the prime factors of v.
2, 43, 47
Let j = 253 + -246. Suppose -2*f + 5*f = 3, 0 = -3*w - 3*f + 39. Suppose -j*y - 3*i = -6*y - w, -74 = -5*y - i. List the prime factors of y.
3, 5
Let d = 1023 - -4089. What are the prime factors of d?
2, 3, 71
Suppose -2*x = 2*d - 2244, 6*x - 4*d - 4448 = 2*x. Suppose 13*m - x = 6891. List the prime factors of m.
2, 7, 11
Let s(y) = 106*y + 1175. What are the prime factors of s(57)?
7, 1031
Let r(a) = 15*a**2 + 13*a + 19. Let h(u) = -7*u**2 - 6*u - 9. Let x(q) = -5*h(q) - 2*r(q). Let v be x(-3). Let i = v + -9. What are the prime factors of i?
31
Suppose 3*m + 3*k = 2*k + 29, 0 = 4*m - 2*k - 32. Suppose m*p = 32 - 1184. Let d = p + 250. What are the prime factors of d?
2, 61
Let a(f) = 633*f - 1929. What are the prime factors of a(49)?
2, 3, 101
Let l(o) be the second derivative of 3*o**5/5 + o**4/6 - 3*o**3 + 49*o**2/2 + 2*o + 50. List the prime factors of l(4).
3, 7, 37
List the prime factors of 16/(-200)*785*-1445 + -8.
2, 3, 71
Let m = 325 + 864. Suppose -32*w + 3653 = m. List the prime factors of w.
7, 11
Suppose 0 = -7*z + 15*z - 5552. Suppose -w + 5 = 0, -5*n = 5*w - 71 - z. What are the prime factors of n?
2, 37
Let t = -4886 - -8118. List the prime factors of (2 - 6/4)/(16/t).
101
Let m = -225 - -551. Let q = 75 - m. Let h = -86 - q. What are the prime factors of h?
3, 5, 11
Let y(p) be the first derivative of -7*p**2/2 - 36*p + 6. Suppose 105*u - 104*u = -11. What are the prime factors of y(u)?
41
Let n be (0 + 2)/(((-12)/(-118))/3). Let o(b) = -b**2 + 11*b - 13. Let s be o(9). Suppose -s*h + n = m + 14, 2*h - 31 = -3*m. List the prime factors of h.
2
Let h(s) = 351*s + 102. Let i be h(10). Suppose 5*g = -j + 891, -4*j - 2*g = 2*g - i. What are the prime factors of j?
2, 3, 151
Suppose 14*z = 16*z - 624. Suppose -2*w + 4*g + z = 9*g, -348 = -2*w + 4*g. List the prime factors of w.
2, 83
Let z(g) = 2023*g - 3007. What are the prime factors of z(7)?
2, 3, 11, 13
Let l be (-6)/(-14) + (-1507)/(-77). Suppose n + n = -l. What are the prime factors of 72 + -74 + (-6 - -1)*n?
2, 3
Suppose x - 5*p - 3167 = 0, 58*x = 57*x - 3*p + 3151. List the prime factors of x.
7, 11, 41
Suppose 0 = -0*j + 9*j - 36. Suppose -j*c = v - 10, 2*v + 3*v = -3*c + 33. Suppose -21 = -v*i + 375. List the prime factors of i.
2, 3, 11
Let o(i) = 13*i + 47. Let v(r) = -5 - r + 28 + 7*r. Let s(n) = 2*o(n) - 5*v(n). What are the prime factors of s(-14)?
5, 7
Let d(u) = 85*u + 105. Let a(s) = -1. Let j(p) = 6*a(p) - d(p). What are the prime factors of j(-6)?
3, 7, 19
Let n = 385 + -380. What are the prime factors of ((-4535)/n)/(-1) - 5?
2, 11, 41
Let v(l) be the first derivative of -7*l**4/3 + 5*l**3/6 - 2*l**2 + 31. Let g(d) be the second derivative of v(d). List the prime factors of g(-3).
173
Suppose 4*c = m + 1, 11*c = 4*m + 7*c - 8. Let a(x) = 7*x**2 - 6*x + 14. List the prime factors of a(m).
59
Suppose 58*c - 168 = 55*c. Suppose 3*t = 0, 2*t = 4*v - 25 - 67. Let d = c + v. List the prime factors of d.
79
Let t = 11091 - 3867. What are the prime factors of t?
2, 3, 7, 43
Suppose 97 = 31*g - 89. Suppose -4*t 